{"id":2398,"date":"2025-05-20T13:25:41","date_gmt":"2025-05-20T04:25:41","guid":{"rendered":"https:\/\/mcae.gov.tl\/sobre-o-mcae\/biografia\/"},"modified":"2025-09-23T15:24:00","modified_gmt":"2025-09-23T06:24:00","slug":"biografia","status":"publish","type":"page","link":"https:\/\/mcae.gov.tl\/pt-pt\/sobre-mcae\/biografia\/","title":{"rendered":"Biografia"},"content":{"rendered":"\n<figure class=\"wp-block-image size-large is-resized\"><img loading=\"lazy\" decoding=\"async\" width=\"768\" height=\"1024\" src=\"https:\/\/mcae.gov.tl\/wp-content\/uploads\/2025\/09\/kalbuadi-768x1024.jpg\" alt=\"\" class=\"wp-image-3557\" style=\"width:276px;height:auto\" srcset=\"https:\/\/mcae.gov.tl\/wp-content\/uploads\/2025\/09\/kalbuadi-768x1024.jpg 768w, https:\/\/mcae.gov.tl\/wp-content\/uploads\/2025\/09\/kalbuadi-225x300.jpg 225w, https:\/\/mcae.gov.tl\/wp-content\/uploads\/2025\/09\/kalbuadi.jpg 810w\" sizes=\"auto, (max-width: 768px) 100vw, 768px\" \/><\/figure>\n\n\n\n<p>Biografia Resumida de S.E. o Vice-Primeiro-Ministro, Ministro Coordenador dos<br>Assuntos Econ\u00f3micos e Ministro do Turismo e Ambiente<\/p>\n\n\n\n<p>Biografia Resumida de S.E. o Vice-Primeiro-Ministro, Ministro Coordenador dos<br>Assuntos Econ\u00f3micos e Ministro do Turismo e Ambiente<br>Francisco Kalbuadi Lay (nascido em Aileu, Timor-Leste, a 1 de janeiro de 1957) \u00e9 um<br>pol\u00edtico timorense que exerce, desde julho de 2023, o cargo de Vice-Primeiro-Ministro,<br>Ministro Coordenador dos Assuntos Econ\u00f3micos e Ministro do Turismo e Ambiente do IX<br>Governo Constitucional de Timor-Leste.<br>O Sr. Kalbuadi completou os seus estudos na Universidade Trisakti, em Jacarta, Indon\u00e9sia,<br>com licenciatura em Turismo e Hotelaria em 1980. No ano seguinte, 1981, concluiu tamb\u00e9m<br>um curso de Rela\u00e7\u00f5es P\u00fablicas na Universidade de Leiden, nos Pa\u00edses Baixos, adquirindo<br>uma experi\u00eancia ampla e diversificada nas \u00e1reas de turismo, governa\u00e7\u00e3o p\u00fablica,<br>administra\u00e7\u00e3o p\u00fablica, marketing e pol\u00edticas p\u00fablicas.<br>Carreira Profissional e Pol\u00edtica a N\u00edvel Nacional e Internacional:<\/p>\n\n\n\n<ul class=\"wp-block-list\">\n<li>1999 a 2002 \u2013 Membro do Comit\u00e9 Central da FRETILIN<\/li>\n\n\n\n<li>2001 a 2018 \u2013 Presidente Executivo da Federa\u00e7\u00e3o Timorense de Futebol (FFTL)<\/li>\n\n\n\n<li>2001 a 2006 \u2013 Secret\u00e1rio-Geral do Comit\u00e9 Ol\u00edmpico de Timor-Leste<\/li>\n\n\n\n<li>2002 a 2006 \u2013 Membro da Assembleia Constituinte e Presidente da Comiss\u00e3o C para<br>Assuntos Econ\u00f3micos e Financeiros do Parlamento de Timor-Leste<\/li>\n\n\n\n<li>2007 a 2012 \u2013 Presidente do Conselho Nacional do Partido CNRT<\/li>\n\n\n\n<li>2007 a 2015 \u2013 Membro do Comit\u00e9 da FIFA<\/li>\n\n\n\n<li>2012 \u2013 Membro Executivo da Confedera\u00e7\u00e3o Asi\u00e1tica de Futebol (AFC)<\/li>\n\n\n\n<li>2012 a 2015 \u2013 Ministro do Turismo, Artes e Cultura do V Governo Constitucional de<br>Timor-Leste<\/li>\n\n\n\n<li>2012 a 2016 \u2013 Presidente do Comit\u00e9 de Finan\u00e7as da Confedera\u00e7\u00e3o Asi\u00e1tica de Futebol<br>(AFC)<\/li>\n\n\n\n<li>2015 a 2017 \u2013 Ministro do Turismo, Artes e Cultura do VI Governo Constitucional de<br>Timor-Leste<\/li>\n\n\n\n<li>2017 a 2022 \u2013 Vice-Presidente da Federa\u00e7\u00e3o Asi\u00e1tica de Futebol (AFF)<\/li>\n\n\n\n<li>2001 \u2013 Presente \u2013 Vice-Presidente da Federa\u00e7\u00e3o Asi\u00e1tica de Futebol (AFF)<\/li>\n\n\n\n<li>2013 \u2013 Presente \u2013 Presidente do Comit\u00e9 Ol\u00edmpico de Timor-Leste<\/li>\n\n\n\n<li>2017 \u2013 Presente \u2013 Secret\u00e1rio-Geral do Partido CNRT<\/li>\n\n\n\n<li>2022 \u2013 Presente \u2013 Conselheiro-Chefe da Federa\u00e7\u00e3o Asi\u00e1tica de Futebol (AFF)<\/li>\n\n\n\n<li>2023 \u2013 Presente \u2013 Vice-Primeiro-Ministro, Ministro Coordenador dos Assuntos<br>Econ\u00f3micos e Ministro do Turismo e Ambiente do IX Governo Constitucional de<br>Timor-Leste<\/li>\n<\/ul>\n","protected":false},"excerpt":{"rendered":"<p>Biografia Resumida de S.E. o Vice-Primeiro-Ministro, Ministro Coordenador dosAssuntos Econ\u00f3micos e Ministro do Turismo e Ambiente Biografia Resumida de S.E&#8230;.<\/p>\n","protected":false},"author":1,"featured_media":3557,"parent":2385,"menu_order":1,"comment_status":"closed","ping_status":"closed","template":"","meta":{"om_disable_all_campaigns":false,"_monsterinsights_skip_tracking":false,"_monsterinsights_sitenote_active":false,"_monsterinsights_sitenote_note":"","_monsterinsights_sitenote_category":0,"footnotes":""},"class_list":["post-2398","page","type-page","status-publish","has-post-thumbnail","hentry"],"_links":{"self":[{"href":"https:\/\/mcae.gov.tl\/pt-pt\/wp-json\/wp\/v2\/pages\/2398","targetHints":{"allow":["GET"]}}],"collection":[{"href":"https:\/\/mcae.gov.tl\/pt-pt\/wp-json\/wp\/v2\/pages"}],"about":[{"href":"https:\/\/mcae.gov.tl\/pt-pt\/wp-json\/wp\/v2\/types\/page"}],"author":[{"embeddable":true,"href":"https:\/\/mcae.gov.tl\/pt-pt\/wp-json\/wp\/v2\/users\/1"}],"replies":[{"embeddable":true,"href":"https:\/\/mcae.gov.tl\/pt-pt\/wp-json\/wp\/v2\/comments?post=2398"}],"version-history":[{"count":1,"href":"https:\/\/mcae.gov.tl\/pt-pt\/wp-json\/wp\/v2\/pages\/2398\/revisions"}],"predecessor-version":[{"id":3612,"href":"https:\/\/mcae.gov.tl\/pt-pt\/wp-json\/wp\/v2\/pages\/2398\/revisions\/3612"}],"up":[{"embeddable":true,"href":"https:\/\/mcae.gov.tl\/pt-pt\/wp-json\/wp\/v2\/pages\/2385"}],"wp:featuredmedia":[{"embeddable":true,"href":"https:\/\/mcae.gov.tl\/pt-pt\/wp-json\/wp\/v2\/media\/3557"}],"wp:attachment":[{"href":"https:\/\/mcae.gov.tl\/pt-pt\/wp-json\/wp\/v2\/media?parent=2398"}],"curies":[{"name":"wp","href":"https:\/\/api.w.org\/{rel}","templated":true}]}}

<figure class="wp-block-image size-large is-resized"><img loading="lazy" decoding="async" width="768" height="1024" src="https://mcae.gov.tl/wp-content/uploads/2025/09/kalbuadi-768x1024.jpg" alt="" class="wp-image-3557" style="width:276px;height:auto" srcset="https://mcae.gov.tl/wp-content/uploads/2025/09/kalbuadi-768x1024.jpg 768w, https://mcae.gov.tl/wp-content/uploads/2025/09/kalbuadi-225x300.jpg 225w, https://mcae.gov.tl/wp-content/uploads/2025/09/kalbuadi.jpg 810w" sizes="auto, (max-width: 768px) 100vw, 768px" /></figure>



<p>Biografia Resumida de S.E. o Vice-Primeiro-Ministro, Ministro Coordenador dos<br>Assuntos Económicos e Ministro do Turismo e Ambiente</p>



<p>Biografia Resumida de S.E. o Vice-Primeiro-Ministro, Ministro Coordenador dos<br>Assuntos Económicos e Ministro do Turismo e Ambiente<br>Francisco Kalbuadi Lay (nascido em Aileu, Timor-Leste, a 1 de janeiro de 1957) é um<br>político timorense que exerce, desde julho de 2023, o cargo de Vice-Primeiro-Ministro,<br>Ministro Coordenador dos Assuntos Económicos e Ministro do Turismo e Ambiente do IX<br>Governo Constitucional de Timor-Leste.<br>O Sr. Kalbuadi completou os seus estudos na Universidade Trisakti, em Jacarta, Indonésia,<br>com licenciatura em Turismo e Hotelaria em 1980. No ano seguinte, 1981, concluiu também<br>um curso de Relações Públicas na Universidade de Leiden, nos Países Baixos, adquirindo<br>uma experiência ampla e diversificada nas áreas de turismo, governação pública,<br>administração pública, marketing e políticas públicas.<br>Carreira Profissional e Política a Nível Nacional e Internacional:</p>



<ul class="wp-block-list">
<li>1999 a 2002 – Membro do Comité Central da FRETILIN</li>



<li>2001 a 2018 – Presidente Executivo da Federação Timorense de Futebol (FFTL)</li>



<li>2001 a 2006 – Secretário-Geral do Comité Olímpico de Timor-Leste</li>



<li>2002 a 2006 – Membro da Assembleia Constituinte e Presidente da Comissão C para<br>Assuntos Económicos e Financeiros do Parlamento de Timor-Leste</li>



<li>2007 a 2012 – Presidente do Conselho Nacional do Partido CNRT</li>



<li>2007 a 2015 – Membro do Comité da FIFA</li>



<li>2012 – Membro Executivo da Confederação Asiática de Futebol (AFC)</li>



<li>2012 a 2015 – Ministro do Turismo, Artes e Cultura do V Governo Constitucional de<br>Timor-Leste</li>



<li>2012 a 2016 – Presidente do Comité de Finanças da Confederação Asiática de Futebol<br>(AFC)</li>



<li>2015 a 2017 – Ministro do Turismo, Artes e Cultura do VI Governo Constitucional de<br>Timor-Leste</li>



<li>2017 a 2022 – Vice-Presidente da Federação Asiática de Futebol (AFF)</li>



<li>2001 – Presente – Vice-Presidente da Federação Asiática de Futebol (AFF)</li>



<li>2013 – Presente – Presidente do Comité Olímpico de Timor-Leste</li>



<li>2017 – Presente – Secretário-Geral do Partido CNRT</li>



<li>2022 – Presente – Conselheiro-Chefe da Federação Asiática de Futebol (AFF)</li>



<li>2023 – Presente – Vice-Primeiro-Ministro, Ministro Coordenador dos Assuntos<br>Económicos e Ministro do Turismo e Ambiente do IX Governo Constitucional de<br>Timor-Leste</li>
</ul>

<p>Biografia Resumida de S.E. o Vice-Primeiro-Ministro, Ministro Coordenador dosAssuntos Económicos e Ministro do Turismo e Ambiente Biografia Resumida de S.E&#8230;.</p>
