{"id":2385,"date":"2025-05-17T07:14:35","date_gmt":"2025-05-16T22:14:35","guid":{"rendered":"https:\/\/mcae.gov.tl\/sobre-o-mcae\/"},"modified":"2025-09-29T14:09:18","modified_gmt":"2025-09-29T05:09:18","slug":"sobre-mcae","status":"publish","type":"page","link":"https:\/\/mcae.gov.tl\/pt-pt\/sobre-mcae\/","title":{"rendered":"Sobre o MCAE"},"content":{"rendered":"\n<div class=\"wp-block-ultimate-post-row ultp-block-07ba46  ultpBgPadding lgL lgR smL smR xsL xsR\"><div class=\"ultp-row-wrapper\"><div class=\"ultp-row-content\">\n<div class=\"wp-block-ultimate-post-column ultp-block-d0cc9b\"><div class=\"ultp-column-wrapper\">\n<div class=\"wp-block-ultimate-post-row ultp-block-f989e5\"><div class=\"ultp-row-wrapper\"><div class=\"ultp-row-content\">\n<div class=\"wp-block-ultimate-post-column ultp-block-d97fa2\"><div class=\"ultp-column-wrapper\">\n<p>O Ministro Coordenador dos Assuntos Econ\u00f3micos (MCAE) de Timor-Leste desempenha um papel fundamental na defini\u00e7\u00e3o do panorama econ\u00f3mico da na\u00e7\u00e3o. Desde maio de 2025 que o Vice-Primeiro-Ministro, Francisco Kalbuadi Lay, desempenha as fun\u00e7\u00f5es de Ministro Coordenador dos Assuntos Econ\u00f3micos, supervisionando uma vasta pasta destinada a promover o desenvolvimento econ\u00f3mico sustent\u00e1vel. As suas responsabilidades abrangem a coordena\u00e7\u00e3o de pol\u00edticas em v\u00e1rios sectores, incluindo o com\u00e9rcio, a ind\u00fastria, o turismo, a agricultura e o trabalho<\/p>\n\n\n\n<h4 class=\"wp-block-heading\">Principais fun\u00e7\u00f5es e responsabilidades<\/h4>\n\n\n\n<ul class=\"wp-block-list\">\n<li><strong>Coordena\u00e7\u00e3o e implementa\u00e7\u00e3o de pol\u00edticas<\/strong>: O MCAE \u00e9 respons\u00e1vel pela conce\u00e7\u00e3o, implementa\u00e7\u00e3o e avalia\u00e7\u00e3o de pol\u00edticas p\u00fablicas que melhorem a governa\u00e7\u00e3o econ\u00f3mica e a presta\u00e7\u00e3o de servi\u00e7os aos cidad\u00e3os.<\/li>\n\n\n\n<li><strong>Promo\u00e7\u00e3o do investimento<\/strong>: O minist\u00e9rio trabalha para atrair investimentos nacionais e estrangeiros, com o objetivo de diversificar a economia para al\u00e9m da sua depend\u00eancia do sector petrol\u00edfero. Isto inclui iniciativas como o &#8220;F\u00f3rum de Com\u00e9rcio e Investimento de Timor-Leste&#8221;, realizado em dezembro de 2024, que se centrou na promo\u00e7\u00e3o de sectores produtivos e no fomento da confian\u00e7a dos investidores   <\/li>\n\n\n\n<li><strong>Integra\u00e7\u00e3o Regional e Internacional<\/strong>: O MCAE desempenha um papel central nos esfor\u00e7os de Timor-Leste para se integrar em quadros econ\u00f3micos regionais e globais. O minist\u00e9rio tem sido fundamental nos processos de ades\u00e3o do pa\u00eds tanto \u00e0 Organiza\u00e7\u00e3o Mundial do Com\u00e9rcio (OMC) como \u00e0 Associa\u00e7\u00e3o das Na\u00e7\u00f5es do Sudeste Asi\u00e1tico (ASEAN). Por exemplo, em julho de 2022, o MCAE organizou uma confer\u00eancia de alto n\u00edvel para discutir a maximiza\u00e7\u00e3o dos benef\u00edcios das ades\u00f5es \u00e0 ASEAN e \u00e0 OMC como vias para alcan\u00e7ar os objectivos de desenvolvimento para 2030    <\/li>\n\n\n\n<li><strong>Desenvolvimento setorial e emprego<\/strong>: O minist\u00e9rio \u00e9 respons\u00e1vel por promover a cria\u00e7\u00e3o de emprego, a forma\u00e7\u00e3o profissional e o desenvolvimento do sector cooperativo, especialmente nas \u00e1reas rurais. Isto implica a coordena\u00e7\u00e3o com outros minist\u00e9rios para implementar pol\u00edticas que apoiem o crescimento da ind\u00fastria e as oportunidades de emprego   <\/li>\n<\/ul>\n\n\n\n<h4 class=\"wp-block-heading\">Iniciativas estrat\u00e9gicas<\/h4>\n\n\n\n<ul class=\"wp-block-list\">\n<li><strong>Envolvimento do Setor Privado<\/strong>: Atrav\u00e9s de iniciativas como o &#8220;F\u00f3rum de Com\u00e9rcio e Investimento de Timor-Leste&#8221;, o MCAE promove o di\u00e1logo entre o governo e o sector privado para identificar oportunidades de crescimento econ\u00f3mico e desenvolvimento<\/li>\n\n\n\n<li><strong>Ades\u00e3o \u00e0 OMC<\/strong>: O MCAE tem estado ativamente empenhado na prepara\u00e7\u00e3o de Timor-Leste para a sua ades\u00e3o \u00e0 OMC, organizando reuni\u00f5es interministeriais para alinhar as pol\u00edticas nacionais com as normas de com\u00e9rcio internacional.<\/li>\n\n\n\n<li><strong>Ades\u00e3o \u00e0 ASEAN<\/strong>: Em colabora\u00e7\u00e3o com o Minist\u00e9rio dos Neg\u00f3cios Estrangeiros e Coopera\u00e7\u00e3o, o MCAE apresentou programas priorit\u00e1rios aos parceiros internacionais de desenvolvimento para apoiar a ades\u00e3o de Timor-Leste \u00e0 ASEAN, real\u00e7ando a import\u00e2ncia de se alinhar com os tr\u00eas pilares da ASEAN: Comunidades de Seguran\u00e7a Pol\u00edtica, Econ\u00f3mica e S\u00f3cio-Cultural.<\/li>\n<\/ul>\n<\/div><\/div>\n<\/div><\/div><\/div>\n\n\n\n<div class=\"wp-block-ultimate-post-row ultp-block-50788e\"><div class=\"ultp-row-wrapper\"><div class=\"ultp-row-content\">\n<div class=\"wp-block-ultimate-post-column ultp-block-2e4810 block\"><div class=\"ultp-column-wrapper\">\n<h2 class=\"wp-block-heading\">Vice-Primeiro-Ministro e Ministro Coordenador dos Assuntos Econ\u00f3micos Francisco Kalbuadi Lay<\/h2>\n\n\n\n<figure class=\"wp-block-image alignleft size-large is-resized float-left-img\"><img loading=\"lazy\" decoding=\"async\" width=\"768\" height=\"1024\" src=\"https:\/\/mcae.gov.tl\/wp-content\/uploads\/2025\/05\/kalbuady-768x1024.jpg\" alt=\"\" class=\"wp-image-292\" style=\"width:201px;height:auto\" srcset=\"https:\/\/mcae.gov.tl\/wp-content\/uploads\/2025\/05\/kalbuady-768x1024.jpg 768w, https:\/\/mcae.gov.tl\/wp-content\/uploads\/2025\/05\/kalbuady-225x300.jpg 225w, https:\/\/mcae.gov.tl\/wp-content\/uploads\/2025\/05\/kalbuady.jpg 810w\" sizes=\"auto, (max-width: 768px) 100vw, 768px\" \/><\/figure>\n\n\n\n<p>O Vice-Primeiro-Ministro, Ministro Coordenador dos Assuntos Econ\u00f3micos e Ministro do Turismo e Ambiente condjuva o Primeiro-Ministro na coordena\u00e7\u00e3o e supervis\u00e3o dos membros do Governo respons\u00e1veis pela execu\u00e7\u00e3o das pol\u00edticas das \u00e1reas econ\u00f3micas de governa\u00e7\u00e3o, nomeadamente o Minist\u00e9rio do Com\u00e9rcio e Ind\u00fastria; o Minist\u00e9rio do Turismo e Ambiente; o Minist\u00e9rio da Agricultura, Pecu\u00e1ria, Pescas e Florestas; o Minist\u00e9rio dos Transportes e Comunica\u00e7\u00f5es; a Secretaria de Estado da Forma\u00e7\u00e3o Profissional e Emprego; a Secretaria de Estado das Cooperativas. \u00c9 tamb\u00e9m respons\u00e1vel pela conce\u00e7\u00e3o, execu\u00e7\u00e3o, coordena\u00e7\u00e3o e avalia\u00e7\u00e3o das pol\u00edticas, definidas e aprovadas pelo Conselho de Ministros do Turismo e do Ambiente.<\/p>\n<\/div><\/div>\n<\/div><\/div><\/div>\n\n\n\n<div class=\"wp-block-ultimate-post-row ultp-block-c6c90d\"><div class=\"ultp-row-wrapper\"><div class=\"ultp-row-content\">\n<div class=\"wp-block-ultimate-post-column ultp-block-e48f2b\"><div class=\"ultp-column-wrapper\"><\/div><\/div>\n\n\n\n<div class=\"wp-block-ultimate-post-column ultp-block-e2f09d\"><div class=\"ultp-column-wrapper\"><\/div><\/div>\n<\/div><\/div><\/div>\n<\/div><\/div>\n<\/div><\/div><\/div>\n","protected":false},"excerpt":{"rendered":"","protected":false},"author":1,"featured_media":799,"parent":0,"menu_order":1,"comment_status":"closed","ping_status":"closed","template":"","meta":{"om_disable_all_campaigns":false,"_monsterinsights_skip_tracking":false,"_monsterinsights_sitenote_active":false,"_monsterinsights_sitenote_note":"","_monsterinsights_sitenote_category":0,"footnotes":""},"class_list":["post-2385","page","type-page","status-publish","has-post-thumbnail","hentry"],"_links":{"self":[{"href":"https:\/\/mcae.gov.tl\/pt-pt\/wp-json\/wp\/v2\/pages\/2385","targetHints":{"allow":["GET"]}}],"collection":[{"href":"https:\/\/mcae.gov.tl\/pt-pt\/wp-json\/wp\/v2\/pages"}],"about":[{"href":"https:\/\/mcae.gov.tl\/pt-pt\/wp-json\/wp\/v2\/types\/page"}],"author":[{"embeddable":true,"href":"https:\/\/mcae.gov.tl\/pt-pt\/wp-json\/wp\/v2\/users\/1"}],"replies":[{"embeddable":true,"href":"https:\/\/mcae.gov.tl\/pt-pt\/wp-json\/wp\/v2\/comments?post=2385"}],"version-history":[{"count":5,"href":"https:\/\/mcae.gov.tl\/pt-pt\/wp-json\/wp\/v2\/pages\/2385\/revisions"}],"predecessor-version":[{"id":3933,"href":"https:\/\/mcae.gov.tl\/pt-pt\/wp-json\/wp\/v2\/pages\/2385\/revisions\/3933"}],"wp:featuredmedia":[{"embeddable":true,"href":"https:\/\/mcae.gov.tl\/pt-pt\/wp-json\/wp\/v2\/media\/799"}],"wp:attachment":[{"href":"https:\/\/mcae.gov.tl\/pt-pt\/wp-json\/wp\/v2\/media?parent=2385"}],"curies":[{"name":"wp","href":"https:\/\/api.w.org\/{rel}","templated":true}]}}

<div class="wp-block-ultimate-post-row ultp-block-07ba46  ultpBgPadding lgL lgR smL smR xsL xsR"><div class="ultp-row-wrapper"><div class="ultp-row-content">
<div class="wp-block-ultimate-post-column ultp-block-d0cc9b"><div class="ultp-column-wrapper">
<div class="wp-block-ultimate-post-row ultp-block-f989e5"><div class="ultp-row-wrapper"><div class="ultp-row-content">
<div class="wp-block-ultimate-post-column ultp-block-d97fa2"><div class="ultp-column-wrapper">
<p>O Ministro Coordenador dos Assuntos Económicos (MCAE) de Timor-Leste desempenha um papel fundamental na definição do panorama económico da nação. Desde maio de 2025 que o Vice-Primeiro-Ministro, Francisco Kalbuadi Lay, desempenha as funções de Ministro Coordenador dos Assuntos Económicos, supervisionando uma vasta pasta destinada a promover o desenvolvimento económico sustentável. As suas responsabilidades abrangem a coordenação de políticas em vários sectores, incluindo o comércio, a indústria, o turismo, a agricultura e o trabalho</p>



<h4 class="wp-block-heading">Principais funções e responsabilidades</h4>



<ul class="wp-block-list">
<li><strong>Coordenação e implementação de políticas</strong>: O MCAE é responsável pela conceção, implementação e avaliação de políticas públicas que melhorem a governação económica e a prestação de serviços aos cidadãos.</li>



<li><strong>Promoção do investimento</strong>: O ministério trabalha para atrair investimentos nacionais e estrangeiros, com o objetivo de diversificar a economia para além da sua dependência do sector petrolífero. Isto inclui iniciativas como o &#8220;Fórum de Comércio e Investimento de Timor-Leste&#8221;, realizado em dezembro de 2024, que se centrou na promoção de sectores produtivos e no fomento da confiança dos investidores   </li>



<li><strong>Integração Regional e Internacional</strong>: O MCAE desempenha um papel central nos esforços de Timor-Leste para se integrar em quadros económicos regionais e globais. O ministério tem sido fundamental nos processos de adesão do país tanto à Organização Mundial do Comércio (OMC) como à Associação das Nações do Sudeste Asiático (ASEAN). Por exemplo, em julho de 2022, o MCAE organizou uma conferência de alto nível para discutir a maximização dos benefícios das adesões à ASEAN e à OMC como vias para alcançar os objectivos de desenvolvimento para 2030    </li>



<li><strong>Desenvolvimento setorial e emprego</strong>: O ministério é responsável por promover a criação de emprego, a formação profissional e o desenvolvimento do sector cooperativo, especialmente nas áreas rurais. Isto implica a coordenação com outros ministérios para implementar políticas que apoiem o crescimento da indústria e as oportunidades de emprego   </li>
</ul>



<h4 class="wp-block-heading">Iniciativas estratégicas</h4>



<ul class="wp-block-list">
<li><strong>Envolvimento do Setor Privado</strong>: Através de iniciativas como o &#8220;Fórum de Comércio e Investimento de Timor-Leste&#8221;, o MCAE promove o diálogo entre o governo e o sector privado para identificar oportunidades de crescimento económico e desenvolvimento</li>



<li><strong>Adesão à OMC</strong>: O MCAE tem estado ativamente empenhado na preparação de Timor-Leste para a sua adesão à OMC, organizando reuniões interministeriais para alinhar as políticas nacionais com as normas de comércio internacional.</li>



<li><strong>Adesão à ASEAN</strong>: Em colaboração com o Ministério dos Negócios Estrangeiros e Cooperação, o MCAE apresentou programas prioritários aos parceiros internacionais de desenvolvimento para apoiar a adesão de Timor-Leste à ASEAN, realçando a importância de se alinhar com os três pilares da ASEAN: Comunidades de Segurança Política, Económica e Sócio-Cultural.</li>
</ul>
</div></div>
</div></div></div>



<div class="wp-block-ultimate-post-row ultp-block-50788e"><div class="ultp-row-wrapper"><div class="ultp-row-content">
<div class="wp-block-ultimate-post-column ultp-block-2e4810 block"><div class="ultp-column-wrapper">
<h2 class="wp-block-heading">Vice-Primeiro-Ministro e Ministro Coordenador dos Assuntos Económicos Francisco Kalbuadi Lay</h2>



<figure class="wp-block-image alignleft size-large is-resized float-left-img"><img loading="lazy" decoding="async" width="768" height="1024" src="https://mcae.gov.tl/wp-content/uploads/2025/05/kalbuady-768x1024.jpg" alt="" class="wp-image-292" style="width:201px;height:auto" srcset="https://mcae.gov.tl/wp-content/uploads/2025/05/kalbuady-768x1024.jpg 768w, https://mcae.gov.tl/wp-content/uploads/2025/05/kalbuady-225x300.jpg 225w, https://mcae.gov.tl/wp-content/uploads/2025/05/kalbuady.jpg 810w" sizes="auto, (max-width: 768px) 100vw, 768px" /></figure>



<p>O Vice-Primeiro-Ministro, Ministro Coordenador dos Assuntos Económicos e Ministro do Turismo e Ambiente condjuva o Primeiro-Ministro na coordenação e supervisão dos membros do Governo responsáveis pela execução das políticas das áreas económicas de governação, nomeadamente o Ministério do Comércio e Indústria; o Ministério do Turismo e Ambiente; o Ministério da Agricultura, Pecuária, Pescas e Florestas; o Ministério dos Transportes e Comunicações; a Secretaria de Estado da Formação Profissional e Emprego; a Secretaria de Estado das Cooperativas. É também responsável pela conceção, execução, coordenação e avaliação das políticas, definidas e aprovadas pelo Conselho de Ministros do Turismo e do Ambiente.</p>
</div></div>
</div></div></div>



<div class="wp-block-ultimate-post-row ultp-block-c6c90d"><div class="ultp-row-wrapper"><div class="ultp-row-content">
<div class="wp-block-ultimate-post-column ultp-block-e48f2b"><div class="ultp-column-wrapper"></div></div>



<div class="wp-block-ultimate-post-column ultp-block-e2f09d"><div class="ultp-column-wrapper"></div></div>
</div></div></div>
</div></div>
</div></div></div>
